?
11
Let k(h) = -119*h + 866. Let r be k(4). What is the highest common divisor of r and 234?
78
Suppose 270*c = 245*c + 15950. What is the highest common divisor of c and 928?
58
Suppose 240 = 4*m - 660. Let o = 25716 - 25671. What is the highest common divisor of o and m?
45
Let d = -463 + 443. Let c be d*((9 - 5) + -5). Calculate the highest common divisor of 580 and c.
20
Let x = -2342 + 2494. What is the greatest common factor of x and 95?
19
Let t = 249 - 225. Suppose t*b = 1962 - 186. What is the greatest common divisor of b and 592?
74
Let m be ((98/(-126))/(56/(-24)))/((-2)/(-336)). Suppose 3*x = -3*w + 1341, x + 2*w + 1794 = 5*x. Calculate the highest common factor of x and m.
56
Let f be ((-8)/2)/(-4) - 1. Suppose 4*z = -3*p + 3, -p + f*p - z = -2. Let u be (10/(-2) - -75)/2. What is the greatest common factor of p and u?
5
Suppose 7*p = -5*p - 1092. Let y be (-3238)/(-12) + p/(-546). What is the highest common divisor of 162 and y?
54
Suppose -2037 + 16453 = 34*p. Calculate the greatest common divisor of p and 53.
53
Let m = -22 - -150. Let r be ((-26)/3)/(4/72). Let i be 10/(-4)*(2 + r/30). What is the greatest common factor of m and i?
8
Let r = 33 + -69. Let l be (-7 + 0)*r/7. Let n(y) = -17*y + 335. Let s be n(19). What is the highest common factor of s and l?
12
Let u be (-53)/4*(-236)/59. What is the highest common factor of u and 371?
53
Let j = 30 + -16. Suppose 0 = -6*g + 5303 + 25. Let t = g - 818. What is the highest common factor of t and j?
14
Let j be (10/8)/(-5*(-5)/100). Suppose j*i = 0, -2*o + 4*i = -o - 416. What is the highest common factor of o and 32?
32
Suppose -2*q + 2184 = 82*q. What is the highest common divisor of q and 7618?
26
Let p be (-2)/7 - (-1032)/84. Let q be 1/((-5)/15*3/(-7)). Let r be (-2)/(-14) + 1*587/q. Calculate the highest common factor of r and p.
12
Let c(i) = 21*i - 1. Let g be c(1). Suppose 199*x - 202*x - 2*v + 57 = 0, -3*v = 2*x - 48. Calculate the greatest common divisor of g and x.
5
Suppose 3*b - 3*y = 33, y = 2*b + 2*y - 22. Suppose q + 154 = -b*m + 14*m, -3*q = -6. Let w be 3/((-12)/26)*-2. What is the greatest common divisor of m and w?
13
Suppose 0 = -b + 4*u + 4989, -4*b + 102*u + 19934 = 97*u. What is the highest common factor of 34 and b?
17
Let x = 2970 + -2809. Let c(v) = v - 4. Let g be c(3). Let r be 3 + g + -2 - -7. Calculate the highest common divisor of r and x.
7
Suppose -1210117 + 71237 = -64*w. Calculate the highest common divisor of w and 5.
5
Let q = -188 + 332. Let s be 12/9*6357/52. Suppose -9*l = 19 - s. What is the greatest common factor of l and q?
16
Suppose -2*b = -5*q - 4*b + 1150, 4*q = -4*b + 932. Calculate the greatest common factor of 1292 and q.
76
Let j(k) = k**3 + 5*k**2 - 23*k - 3. Let m be j(3). Suppose m = -7*c + 888 - 300. Calculate the greatest common divisor of c and 108.
12
Suppose -155*y + 157*y = 4306. Suppose y = 27*h - 3436. What is the highest common divisor of h and 23?
23
Suppose -37 = -5*j - 7. Let c be (-55)/(-5) - (-13 + 9). Calculate the greatest common divisor of j and c.
3
Let b be (5/1 - -1)*17/51. Suppose 0 = b*h + 8, -3*h + 6 = -2*y + 3*y. What is the greatest common divisor of 342 and y?
18
Let m(y) = -y**3 - 5*y**2 + 34*y + 105. Let l be m(-8). Calculate the highest common factor of l and 3025.
25
Let w = -6340 + 6368. Let y = 51 - -33. Calculate the highest common divisor of y and w.
28
Let m be 36 + -37 + (-8)/(-2 - 0). Suppose 0 = -m*a + 83 - 5. What is the greatest common divisor of a and 52?
26
Let o be (7/(-35))/(3/(-216))*(-9250)/(-75). What is the highest common factor of o and 3?
3
Suppose d - 4*k - 56 = 7, -5*d + 360 = -5*k. Calculate the highest common factor of 90 and d.
15
Let y = 3746 + -3186. What is the highest common divisor of 135 and y?
5
Let d(f) = -f + 2. Let m be d(-2). Suppose m*w - w = 12. Let i = 2070 - 2066. Calculate the highest common factor of i and w.
4
Let f = -14253 - -16373. Calculate the highest common divisor of 30 and f.
10
Suppose 4*s - 304 = 26*b - 24*b, s - 3*b - 91 = 0. Suppose 0 = -2*p + 8, -2*p = c - 6*c + 4007. What is the highest common factor of c and s?
73
Let v(t) = 1876*t - 80. Let r be v(2). What is the highest common divisor of 136 and r?
136
Let x(l) = 6*l**2 - 5*l - 24. Let z be x(13). Let r be z/20 + (-24)/(-32). What is the greatest common divisor of 423 and r?
47
Let z(t) = 5*t**2 - 24*t - 173. Let b be z(-5). What is the greatest common divisor of b and 8808?
24
Suppose -62*b + 4882 + 8208 = 48*b. Calculate the greatest common divisor of b and 629.
17
Let t(x) = 188*x - 1227. Let h be t(25). Calculate the greatest common divisor of h and 23.
23
Let v(r) = r**3 + 2*r**2 - 4*r + 2. Let k be v(-3). Suppose 12*l - 2*s - 10 = 9*l, -5*l - k*s = -50. What is the highest common divisor of l and 366?
6
Let j be ((12*-8)/(-4))/(10/105). Calculate the greatest common factor of j and 1806.
42
Let c = -3813 + 3852. What is the greatest common factor of 1170 and c?
39
Let n be 9/15 + (-25803)/(-45). Let y = 589 - n. What is the highest common divisor of 285 and y?
15
Suppose 0 = -3*t - t - 160. Let a = t - -127. What is the greatest common factor of 232 and a?
29
Suppose -1864 = -3*z + 4*j, z - 3*j = -z + 1243. Suppose 7*t + z = 2*t. Let r be t/(-4) - 4/2. What is the greatest common factor of 319 and r?
29
Let q = 196 + -185. Suppose -5*m + y - 10 = -4*y, 5*m + y - 8 = 0. Calculate the greatest common factor of q and m.
1
Let h = 25938 + -14255. Calculate the highest common divisor of h and 14.
7
Let f(s) = -s + 12. Let v be f(6). Suppose 5*l - 7*l + v = 0. Suppose -89 - 91 = -4*n - a, -l*a = -12. Calculate the highest common divisor of n and 4.
4
Suppose 79*u = 88*u - 6912. Suppose 6*a - 18*a = -u. What is the highest common factor of 48 and a?
16
Suppose 3*c + 2*k = 0, -c - 2017 + 2032 = -k. What is the greatest common factor of c and 1389?
3
Let f = -2002 - -2068. What is the greatest common factor of f and 2112?
66
Let x be 2174/5 + 2 - (28 + 3666/(-130)). Calculate the greatest common factor of 828 and x.
23
Suppose -361*f + 326*f + 1818775 = 0. Calculate the highest common divisor of f and 95.
95
Suppose -9*r + 540 = -0*r. Suppose 10*i - x = 14*i - r, 0 = -4*i + 2*x + 48. Calculate the highest common divisor of i and 49.
7
Let w be 28/(-28)*11/1*-2. Let a(d) = -d - 1. Let u be a(-3). Let r be u/6 + 3688/24. Calculate the highest common factor of r and w.
22
Let w be (-208)/1872 - (-3296)/18. What is the greatest common factor of 1586 and w?
61
Let c be ((-68)/(-6))/(1/((-3)/2)). Let u(b) = b**2 + 4*b + 76. Let a be u(c). What is the highest common divisor of 54 and a?
27
Suppose 24 - 8 = 4*v. Let r = -209 + 115. Let a = -58 - r. Calculate the highest common factor of a and v.
4
Suppose 4*q - 3*l = -56, -4*q + l - 14 = 42. Let r be (12/q)/(8/(-224)). What is the highest common factor of 40 and r?
8
Let s(i) = 175*i - 158. Let j be s(1). Calculate the highest common factor of j and 10336.
17
Suppose 246 = c - 329. Let a = -344 + c. Let d be 50/((-7)/(a/(-6))). What is the greatest common factor of d and 25?
25
Suppose 2*w + 3*m + 2766 = -w, 2*w + 4*m + 1848 = 0. Let p = w - -950. Suppose 4*z - 18 = -a, 3*z - 24 = -a + z. Calculate the highest common factor of a and p.
30
Let x(u) = -u**2 + 8*u - 5. Let q be x(7). Let l be 4 + 3/(q + 1). Suppose 96 = l*z - z. What is the greatest common factor of 3 and z?
3
Suppose -15 = 8*x - 3*x, x = 4*g - 175. Suppose -4*o - 4*h = 112, 4*h - 20 - g = 3*o. Let c = 5 - o. What is the highest common factor of c and 90?
30
Suppose w + 20 = 3*q + 5*w, 5*w - 4 = -2*q. Let s(y) = 63*y + 6. Let d be s(6). What is the greatest common factor of d and q?
12
Let r(x) be the first derivative of x**3/3 + 6*x**2 + 35*x + 40. Let l be r(-11). Calculate the highest common divisor of 12 and l.
12
Suppose -2*o - 3*i + 1370 = 0, 3*i = -o + 7*i + 696. What is the highest common factor of o and 32?
16
Suppose 4703*g - 488 = 4702*g. What is the highest common factor of 24 and g?
8
Let k(o) = -14*o + 44. Let m be k(0). Let n be ((-330)/m)/((-2)/4). Calculate the greatest common divisor of n and 15.
15
Suppose 2416 + 1769 = 15*i. What is the greatest common divisor of i and 45?
9
Suppose -a = 49*u - 46*u - 6099, 2*a + 5*u - 12190 = 0. What is the greatest common